67547. Suppose -8 = 2*k + d - 29, -4*k + 51 = 5*d. Calculate the highest common factor of r and k.
9
Suppose s - 100 + 26 = 4*n, 0 = 5*s - 5*n - 355. Let t = 369 - 131. What is the highest common factor of s and t?
14
Let d be (-1874)/(-13) + (-9)/(351/6). Calculate the greatest common factor of 1760 and d.
16
Suppose -3*h - 6*s + 147 = -s, -12 = 4*s. Let j = -62 + 65. Suppose 31 - 13 = j*t. Calculate the highest common divisor of t and h.
6
Let u(b) = -b**2 - 10*b + 9. Let v be ((-8)/(-5))/(6/(-105)). Let t = v - -20. Let x be u(t). What is the greatest common divisor of x and 10?
5
Suppose -2*f + 64*g = 60*g - 40, 4*f = 5*g + 92. What is the greatest common factor of 108 and f?
4
Let g(y) = 2*y - 10. Let c(p) = -p**2 - 11*p - 4. Let i be c(-10). Let z be g(i). Suppose 9*m - z = 7*m. What is the highest common divisor of 13 and m?
1
Suppose 16 + 84 = 5*f. Suppose 3*m - 18 = 7*m + 3*w, 4 = -2*w. Let a be -50*(-8)/((-40)/m). What is the highest common divisor of a and f?
10
Suppose 2102 = 139*m - 2068. Calculate the greatest common divisor of 426 and m.
6
Suppose -k + 107 - 81 = 3*n, 4*n - 98 = -3*k. Let i = 21 - 2. What is the greatest common divisor of i and k?
19
Let k be (2/(-8))/(17/(-204)). Suppose k*l - 361 = -4*q, -452 = -5*q - 2*l - 2*l. What is the greatest common factor of 8 and q?
8
Suppose 44*y = -137*y + 4706. Suppose 4*j = 67 + 89. What is the highest common factor of j and y?
13
Suppose 5*q + 15 = z - 4*z, 0 = 4*z + q + 20. Let b(y) = -5*y - 21. Let h be b(z). Suppose 0 = 3*p - 4*p + h. What is the highest common divisor of p and 1?
1
Suppose 16*a = 27716 - 3716. Calculate the greatest common divisor of 540 and a.
60
Let v be (-53979)/(-57) - (1 - 4). What is the highest common factor of v and 114?
38
Suppose w + 3*x = -0*x + 8329, 3 = 3*x. Calculate the greatest common divisor of w and 46.
46
Let o(n) = -n**2 + 16*n + 8. Suppose 2*z + 2 = -0, 0 = -3*d - 5*z + 37. Let l be o(d). Calculate the highest common factor of 4 and l.
4
Let n = -20 + 88. Suppose -23*f = 79*f - 15606. Calculate the highest common divisor of n and f.
17
Suppose -4*n - 4*p = -60, 8 + 12 = 4*p. Suppose 4 = 4*x - 8. Suppose -5 = -4*m + 3, -x*m = 2*z - 186. What is the greatest common divisor of z and n?
10
Suppose -514*n - 36 = -526*n. Let f(v) = -v - 9. Let l be f(-9). Suppose l = -5*g + 172 - 52. Calculate the greatest common divisor of n and g.
3
Suppose 4*t + 5778 + 17511 = 5*a, 0 = -4*a + 2*t + 18624. Calculate the greatest common factor of a and 235.
47
Let y be (-6 + (-1911)/(-52))/((-12)/(-64)). What is the highest common divisor of y and 27306?
82
Let k(x) = 42*x - 8. Let l be k(8). Suppose -38*t = -567 - 991. What is the highest common divisor of l and t?
41
Let g = 32 - 15. Let n be (6 - 1)/((-5)/(-17)). Calculate the greatest common factor of g and n.
17
Suppose 0 = 15*f - 20*f - j + 116, 2*f = 4*j + 64. What is the greatest common divisor of f and 184?
8
Suppose 18*k + 14*k - 5792 = 0. Suppose -186*w = -k*w - 30. Calculate the highest common divisor of 20 and w.
2
Suppose -3*k + 2104 = 5*b + 169, 4*b = 12. What is the highest common divisor of 1440 and k?
160
Let b(v) = 317*v + 15. Let d(n) = -159*n - 8. Let k(h) = 6*b(h) + 11*d(h). Let w be k(2). What is the greatest common factor of w and 88?
44
Let b be ((-666)/(-18))/(2/8). Calculate the greatest common factor of b and 1702.
74
Suppose -2*p = -5*r + 15, 0*p - 50 = -5*r - 5*p. Let h(q) = -q + 15. Let s be h(r). Let k = -190 + 260. Calculate the highest common divisor of k and s.
10
Let v be ((-54)/5)/(4/(-3170)). What is the highest common divisor of v and 27?
27
Let x be (-73)/(-7) + 6/(-14). Let j = -470 + 272. Let v = j + 278. Calculate the highest common divisor of x and v.
10
Let y(r) be the second derivative of 11*r**3/6 - 14*r**2 - 178*r. Let u be y(4). What is the greatest common factor of u and 1?
1
Suppose -151*s + 8942 = -35754. Calculate the greatest common divisor of 176 and s.
8
Let n(k) = -k**2 + 36*k - 56. Let o be n(28). Suppose 3*g = -8*c + 3*c + 174, -3*g + 3*c + 198 = 0. Calculate the greatest common factor of o and g.
21
Let s(u) = 3*u**2 - 9*u + 6. Let m be s(6). Suppose -100 = -5*b - 0*b. Suppose 4*y + n = 44, 9*n = 4*n - b. What is the highest common factor of y and m?
12
Let x = 67 - 34. Let u = 67259 + -67256. Calculate the greatest common factor of u and x.
3
Let p = 110 + 234. Suppose 3*a - p - 196 = 0. Suppose a = -9*d + 14*d. What is the greatest common divisor of 4 and d?
4
Suppose a + 3*a = 1400. Suppose 2*p - 5*n - a = -3*p, -2*p + 144 = -4*n. Suppose 6*g - 16 = p. What is the greatest common factor of g and 126?
14
Let u(q) = -2477*q + 134. Let i be u(-2). Calculate the highest common factor of 96 and i.
96
Let i be 15/(-10)*52/(-3). Let w be (-6 + 4)/(-2 - (-50)/i). What is the greatest common factor of w and 39?
13
Let p be (-18)/(-5) - 30/50. Let c = 124 + -238. Let x be (c/95)/(2/(-10)). What is the greatest common divisor of x and p?
3
Let i be (-5 - 40)/(3 + 444/(-147)). Calculate the highest common factor of i and 9.
9
Suppose -4 = 6*p + 62. Let s(q) be the first derivative of q**3/3 + 5*q**2 - 4*q + 41. Let o be s(p). Calculate the greatest common divisor of 1 and o.
1
Suppose -3*b + 3*q = -0*q - 804, 2*q = -2. Let y = b + -235. What is the greatest common divisor of y and 80?
16
Let r be (-4)/((1 + -9)/(-4))*-26. Let g = r + -35. Let o = g - -43. Calculate the greatest common factor of 24 and o.
12
Suppose -658 = -2*j + 2*o, -3*j = -0*j - 2*o - 982. Let a = -304 + j. Calculate the highest common factor of 20 and a.
20
Let y = 590 + 179. Let b = y - 519. What is the highest common divisor of 10 and b?
10
Let o(h) be the third derivative of -h**4/4 + 58*h**3/3 - 14*h**2 + 2*h. Let t be o(12). What is the highest common factor of t and 66?
22
Suppose 3708 = -4*z + 3716. Let o be 3/2*16/12. Suppose 0 = -o*k + 4, -3*l + 40 = 3*k - k. What is the highest common divisor of l and z?
2
Suppose -11492 = -45*s + 24219 + 8794. Calculate the greatest common divisor of 43 and s.
43
Suppose -2*h = -23*h - 5*h + 155428. What is the greatest common divisor of h and 196?
98
Let f(w) = 6*w - 126. Let r be f(21). Suppose k + r*s = -5*s + 24, 0 = 3*k + 2*s - 20. Calculate the highest common factor of k and 26.
2
Let o(s) = 12*s + 339. Let d be o(-28). Let n be (-36)/(-20)*(d/(-9) + 7). Calculate the highest common factor of 69 and n.
3
Let h be (4 - 6)*(-16 + 14). Suppose -3*j + 4*s + 752 = 0, 4*j - 462 = 4*s + 542. Calculate the greatest common divisor of j and h.
4
Let u = 31 + -10. Let v be (72/u)/(0 + 12/42). Calculate the highest common divisor of v and 18.
6
Let f(m) = -22*m**2 - 9. Let s be f(-4). Let x = s + 372. Calculate the greatest common divisor of 143 and x.
11
Let d = 6376 + -6277. Calculate the highest common divisor of 2 and d.
1
Let v be ((-23)/(-92))/((-8)/(-3584)). Calculate the highest common factor of v and 4592.
112
Let f(u) = u**3 - 13*u**2 + 12*u + 17. Let j be f(12). Let m(x) = 129*x**2 + 1142*x - 18. Let o be m(-9). What is the greatest common divisor of j and o?
17
Suppose -13*f + 1271 + 185 = 0. Calculate the highest common factor of 84 and f.
28
Let f = 190 - 124. Suppose -87*j = -81*j - f. Calculate the highest common divisor of 121 and j.
11
Let c = -111 - -115. Suppose -45 = -d + c*k, 5*k = 27 - 2. Calculate the highest common divisor of 13 and d.
13
Let m(t) be the third derivative of t**4/2 - t**3/6 + 77*t**2. Let d be m(2). Calculate the highest common divisor of 23 and d.
23
Let c(r) = 2*r**3 - 28*r**2 - 25*r - 53. Let j be c(15). What is the highest common divisor of 2629 and j?
11
Let s = 154 + -147. Let i(c) = -c**2 + 14*c - 40. Let y be i(s). Calculate the greatest common factor of 12 and y.
3
Suppose -7*f + 904 = -314. Let k = f + -134. What is the greatest common factor of k and 10?
10
Let w = -93 + 99. Let d(a) = 2*a**2 - 5*a + 26. Let b be d(w). What is the greatest common divisor of 544 and b?
68
Let q(f) = -13*f**2 - 509*f - 68. Let r be q(-39). What is the highest common divisor of r and 940?
10
Suppose 254 = 3*y + 5*n - 534, -3*y = -4*n - 752. Calculate the highest common factor of y and 832.
64
Let j(q) = 30*q**3 + 23*q - 176. Let v be j(5). What is the highest common factor of v and 1085?
217
Let i be (12/((-20)/(-5)